{"id":125388,"date":"2021-08-12T05:41:07","date_gmt":"2021-08-12T05:41:07","guid":{"rendered":"http:\/\/decodeonlineshop.com\/wordpress\/product\/marina-hangeleuchte-2\/"},"modified":"2021-08-12T05:41:07","modified_gmt":"2021-08-12T05:41:07","slug":"marina-hangeleuchte-2","status":"publish","type":"product","link":"https:\/\/decodeonlineshop.com\/wordpress\/product\/marina-hangeleuchte-2\/","title":{"rendered":"Marina H\u00e4ngeleuchte"},"content":{"rendered":"","protected":false},"excerpt":{"rendered":"<p>Montur pulverbeschichtet schwarz, Schirm geh\u00e4mmert<br \/>\nvernickelt,<br \/>\nmit Kette,<br \/>\nH 63 cm, D 31,5 cm,<br \/>\nmit Globe Birne (47.333) nicht dimmbar, 15 W\/E 27<br \/>\n&#8211;<br \/>\nSonderl\u00e4ngen auf Anfrage<br \/>\n__________________________________________________<br \/>\nHintergrund:<br \/>\nAuf Wunsch vieler Kunden hat Lambert eine kleinere<br \/>\nVersion der attraktiven H\u00e4ngeleuchte entwickelt.<br \/>\nMarina ist inspiriert von den eindr\u00fccklichen<br \/>\nLeuchten, die \u00fcber dem Kartentisch in der<br \/>\nKapit\u00e4nskaj\u00fcte eines Gro\u00dfseglers zu finden waren.<br \/>\nDie H\u00e4ngeleuchte verleiht dem Esstisch einen<br \/>\nelegant nostalgischen Charme; die kleine Version<br \/>\ndabei besonders in Reihung von ein bis drei St\u00fcck.<br \/>\nDer Leuchtenschirm ist von Hand getrieben und mit<br \/>\neiner feinen H\u00e4mmeroptik versehen. Montur und<br \/>\nAufh\u00e4ngung sind bei der kleinen Version<br \/>\nmattschwarz und bilden einen ausgezeichneten<br \/>\nKontrast zum gl\u00e4nzend vernickelten Schirm.<br \/>\nVernickelte Artikel sollten Feuchtigkeit nicht<br \/>\nallzu lange ausgesetzt sein, sie k\u00f6nnten sonst<br \/>\nfleckig und matt werden. Verwenden Sie daher zur<br \/>\nPflege des Leuchtenschirmes nur trockene, weiche<br \/>\nT\u00fccher, am besten aus Mikrofaser, und keine<br \/>\nscharfen Reinigungsmittel.<\/p>\n","protected":false},"featured_media":114812,"template":"","meta":[],"product_brand":[],"product_cat":[1094,2334,1097],"product_tag":[],"class_list":{"0":"post-125388","1":"product","2":"type-product","3":"status-publish","4":"has-post-thumbnail","6":"product_cat-lambert-ru","7":"product_cat-nautical-lighting-","8":"product_cat-1097","10":"first","11":"instock","12":"purchasable","13":"product-type-simple"},"_links":{"self":[{"href":"https:\/\/decodeonlineshop.com\/wordpress\/wp-json\/wp\/v2\/product\/125388","targetHints":{"allow":["GET"]}}],"collection":[{"href":"https:\/\/decodeonlineshop.com\/wordpress\/wp-json\/wp\/v2\/product"}],"about":[{"href":"https:\/\/decodeonlineshop.com\/wordpress\/wp-json\/wp\/v2\/types\/product"}],"wp:featuredmedia":[{"embeddable":true,"href":"https:\/\/decodeonlineshop.com\/wordpress\/wp-json\/wp\/v2\/media\/114812"}],"wp:attachment":[{"href":"https:\/\/decodeonlineshop.com\/wordpress\/wp-json\/wp\/v2\/media?parent=125388"}],"wp:term":[{"taxonomy":"product_brand","embeddable":true,"href":"https:\/\/decodeonlineshop.com\/wordpress\/wp-json\/wp\/v2\/product_brand?post=125388"},{"taxonomy":"product_cat","embeddable":true,"href":"https:\/\/decodeonlineshop.com\/wordpress\/wp-json\/wp\/v2\/product_cat?post=125388"},{"taxonomy":"product_tag","embeddable":true,"href":"https:\/\/decodeonlineshop.com\/wordpress\/wp-json\/wp\/v2\/product_tag?post=125388"}],"curies":[{"name":"wp","href":"https:\/\/api.w.org\/{rel}","templated":true}]}}