{"id":125261,"date":"2021-08-12T05:39:50","date_gmt":"2021-08-12T05:39:50","guid":{"rendered":"http:\/\/decodeonlineshop.com\/wordpress\/product\/switch-on-stehleuchte-3-armig\/"},"modified":"2021-08-12T05:39:55","modified_gmt":"2021-08-12T05:39:55","slug":"switch-on-stehleuchte-3-armig","status":"publish","type":"product","link":"https:\/\/decodeonlineshop.com\/wordpress\/product\/switch-on-stehleuchte-3-armig\/","title":{"rendered":"Switch On Stehleuchte 3-armig"},"content":{"rendered":"","protected":false},"excerpt":{"rendered":"<p>3-armig, schwarz \/ br\u00fcniert,<br \/>\nmit altindustriellen Gelenkverbindungen, Stangen,<br \/>\nGelenke und<br \/>\nSchrauben Stahl, Fu\u00df Eisen, Reflektor Aluminium,<br \/>\nArm in alle Richtungen schwenkbar,<br \/>\nH 136 cm &#8211; 225 cm, Fu\u00df D 28 cm, Reflektor D 21 cm,<br \/>\nkein Dimmer \/ mit Reflektor (47.246) dimmbar<br \/>\n__________________________________________________<br \/>\nHintergrund:<br \/>\nDiese Leuchten folgen in Form und Technik einem<br \/>\nfr\u00fchindustriellem Vorbild. Bis ins Detail werden<br \/>\nwieder die alten Gelenkverbindungen hergestellt,<br \/>\ndie Switch On so wendig machen. Purismus auch beim<br \/>\nMaterial: Stahl f\u00fcr das Gest\u00e4nge, Eisen f\u00fcr den<br \/>\nFu\u00df und Aluminium als Reflektor erinnern an die<br \/>\nZeiten, als der Strom noch nicht bei allen aus der<br \/>\nSteckdose kam. Mit ihr l\u00e4sst sich ein Raum<br \/>\ngestalten und unterschiedlich ausleuchten, sie<br \/>\ndient auch als Deckenleuchte \u00fcber dem Esstisch und<br \/>\nim Arbeitsbereich. Die Schwenkbarkeit der Arme<br \/>\nerm\u00f6glicht eine gute Ausleuchtung des Tisches und<br \/>\ngleichzeitig stimmungsvolles Aufhellen der Decke<br \/>\noder Inszenierung eines Wandbildes.<\/p>\n","protected":false},"featured_media":114477,"template":"","meta":[],"product_brand":[],"product_cat":[2335,1094,1097],"product_tag":[],"class_list":{"0":"post-125261","1":"product","2":"type-product","3":"status-publish","4":"has-post-thumbnail","6":"product_cat-floor-lamps-","7":"product_cat-lambert-ru","8":"product_cat-1097","10":"first","11":"instock","12":"purchasable","13":"product-type-simple"},"_links":{"self":[{"href":"https:\/\/decodeonlineshop.com\/wordpress\/wp-json\/wp\/v2\/product\/125261","targetHints":{"allow":["GET"]}}],"collection":[{"href":"https:\/\/decodeonlineshop.com\/wordpress\/wp-json\/wp\/v2\/product"}],"about":[{"href":"https:\/\/decodeonlineshop.com\/wordpress\/wp-json\/wp\/v2\/types\/product"}],"wp:featuredmedia":[{"embeddable":true,"href":"https:\/\/decodeonlineshop.com\/wordpress\/wp-json\/wp\/v2\/media\/114477"}],"wp:attachment":[{"href":"https:\/\/decodeonlineshop.com\/wordpress\/wp-json\/wp\/v2\/media?parent=125261"}],"wp:term":[{"taxonomy":"product_brand","embeddable":true,"href":"https:\/\/decodeonlineshop.com\/wordpress\/wp-json\/wp\/v2\/product_brand?post=125261"},{"taxonomy":"product_cat","embeddable":true,"href":"https:\/\/decodeonlineshop.com\/wordpress\/wp-json\/wp\/v2\/product_cat?post=125261"},{"taxonomy":"product_tag","embeddable":true,"href":"https:\/\/decodeonlineshop.com\/wordpress\/wp-json\/wp\/v2\/product_tag?post=125261"}],"curies":[{"name":"wp","href":"https:\/\/api.w.org\/{rel}","templated":true}]}}