{"id":124065,"date":"2021-08-12T05:28:16","date_gmt":"2021-08-12T05:28:16","guid":{"rendered":"http:\/\/decodeonlineshop.com\/wordpress\/product\/champagne-flute-x-2\/"},"modified":"2021-08-12T05:28:27","modified_gmt":"2021-08-12T05:28:27","slug":"champagne-flute-x-2","status":"publish","type":"product","link":"https:\/\/decodeonlineshop.com\/wordpress\/product\/champagne-flute-x-2\/","title":{"rendered":"champagne flute x 2"},"content":{"rendered":"","protected":false},"excerpt":{"rendered":"<p>This pair of mouthblown champagne flutes is inspired by the decadence of devor\u00e9 fabric. Flecks of black are encased in the lower half of each glass, reminiscent of devor\u00e9 fabric&#8217;s patterns of velvet on chiffon. The collection&#8217;s distinctive d\u00e9cor and opaque black foot complements a clean, angular shape and modern design. Each set of two champagne flutes is gift boxed in photographic packaging.<\/p>\n","protected":false},"featured_media":78112,"template":"","meta":[],"product_brand":[],"product_cat":[2226,2121,1091,1133],"product_tag":[],"class_list":{"0":"post-124065","1":"product","2":"type-product","3":"status-publish","4":"has-post-thumbnail","6":"product_cat-devore-drinkware---","7":"product_cat-drinkware---","8":"product_cat-lsa-ru","9":"product_cat-1133","11":"first","12":"instock","13":"purchasable","14":"product-type-simple"},"_links":{"self":[{"href":"https:\/\/decodeonlineshop.com\/wordpress\/wp-json\/wp\/v2\/product\/124065","targetHints":{"allow":["GET"]}}],"collection":[{"href":"https:\/\/decodeonlineshop.com\/wordpress\/wp-json\/wp\/v2\/product"}],"about":[{"href":"https:\/\/decodeonlineshop.com\/wordpress\/wp-json\/wp\/v2\/types\/product"}],"wp:featuredmedia":[{"embeddable":true,"href":"https:\/\/decodeonlineshop.com\/wordpress\/wp-json\/wp\/v2\/media\/78112"}],"wp:attachment":[{"href":"https:\/\/decodeonlineshop.com\/wordpress\/wp-json\/wp\/v2\/media?parent=124065"}],"wp:term":[{"taxonomy":"product_brand","embeddable":true,"href":"https:\/\/decodeonlineshop.com\/wordpress\/wp-json\/wp\/v2\/product_brand?post=124065"},{"taxonomy":"product_cat","embeddable":true,"href":"https:\/\/decodeonlineshop.com\/wordpress\/wp-json\/wp\/v2\/product_cat?post=124065"},{"taxonomy":"product_tag","embeddable":true,"href":"https:\/\/decodeonlineshop.com\/wordpress\/wp-json\/wp\/v2\/product_tag?post=124065"}],"curies":[{"name":"wp","href":"https:\/\/api.w.org\/{rel}","templated":true}]}}