{"id":121831,"date":"2021-08-12T05:02:59","date_gmt":"2021-08-12T05:02:59","guid":{"rendered":"http:\/\/decodeonlineshop.com\/wordpress\/product\/aarelaudkandik\/"},"modified":"2021-08-12T05:03:06","modified_gmt":"2021-08-12T05:03:06","slug":"aarelaudkandik","status":"publish","type":"product","link":"https:\/\/decodeonlineshop.com\/wordpress\/product\/aarelaudkandik\/","title":{"rendered":"\u00c4\u00c4RELAUD&#8221;KANDIK&#8221;"},"content":{"rendered":"<p>V\u00e4rv:<br \/>\nGray<\/p>\n<p>Materjal:<br \/>\nAlder+pine+mdf<\/p>\n<p>Tuba:<br \/>\nlivingroom<\/p>\n<p>Special theme:<br \/>\nnatural, eco<\/p>\n<p>Suurused:<br \/>\n60x50x55 cm<\/p>\n","protected":false},"excerpt":{"rendered":"<p>V\u00e4rv: Gray Materjal: Alder+pine+mdf Tuba: livingroom Special theme: natural, eco Suurused: 60x50x55 cm<\/p>\n","protected":false},"featured_media":111999,"template":"","meta":[],"product_brand":[],"product_cat":[561,654,660,2018,1931],"product_tag":[],"class_list":{"0":"post-121831","1":"product","2":"type-product","3":"status-publish","4":"has-post-thumbnail","6":"product_cat-aksessuaarid","7":"product_cat-cote-table","8":"product_cat-moobel","9":"product_cat-tables-desks-moobel","10":"product_cat-trays-on-x-trolleys-trays-aksessuaarid","12":"first","13":"instock","14":"purchasable","15":"product-type-simple"},"_links":{"self":[{"href":"https:\/\/decodeonlineshop.com\/wordpress\/wp-json\/wp\/v2\/product\/121831","targetHints":{"allow":["GET"]}}],"collection":[{"href":"https:\/\/decodeonlineshop.com\/wordpress\/wp-json\/wp\/v2\/product"}],"about":[{"href":"https:\/\/decodeonlineshop.com\/wordpress\/wp-json\/wp\/v2\/types\/product"}],"wp:featuredmedia":[{"embeddable":true,"href":"https:\/\/decodeonlineshop.com\/wordpress\/wp-json\/wp\/v2\/media\/111999"}],"wp:attachment":[{"href":"https:\/\/decodeonlineshop.com\/wordpress\/wp-json\/wp\/v2\/media?parent=121831"}],"wp:term":[{"taxonomy":"product_brand","embeddable":true,"href":"https:\/\/decodeonlineshop.com\/wordpress\/wp-json\/wp\/v2\/product_brand?post=121831"},{"taxonomy":"product_cat","embeddable":true,"href":"https:\/\/decodeonlineshop.com\/wordpress\/wp-json\/wp\/v2\/product_cat?post=121831"},{"taxonomy":"product_tag","embeddable":true,"href":"https:\/\/decodeonlineshop.com\/wordpress\/wp-json\/wp\/v2\/product_tag?post=121831"}],"curies":[{"name":"wp","href":"https:\/\/api.w.org\/{rel}","templated":true}]}}